{"id":1351,"date":"2023-07-04T12:14:26","date_gmt":"2023-07-04T15:14:26","guid":{"rendered":"https:\/\/fortalezatoptour.com\/?post_type=product&#038;p=1351"},"modified":"2026-01-19T10:41:35","modified_gmt":"2026-01-19T13:41:35","slug":"transfer-beach-park","status":"publish","type":"product","link":"https:\/\/fortalezatoptour.com\/index.php\/product\/transfer-beach-park\/","title":{"rendered":"TRANSFER BEACH PARK"},"content":{"rendered":"<h3>Importante saber<\/h3>\n<p>Sa\u00edda a partir de 09h00 &#8211; Chegada no Parque a partir de 10h00 &#8211; Buscamos na Praia do Futuro, Praia do Mucuripe, Beira Mar, Praia de Iracema e alguns pontos pr\u00f3ximos do Centro da cidade. Est\u00e1 incluso no passeio: &#8211; Transporte ida e volta em \u00f4nibus, micro\u00f4-nibus ou vans &#8211; N\u00e3o inclu\u00edmos ingresso do parque<\/p>\n<p>&nbsp;<\/p>\n<h3>Paradas<\/h3>\n<p>&#8211; Beach Park<\/p>\n<p>&nbsp;<\/p>\n<h3>Sa\u00edda<\/h3>\n<p>Sa\u00eddas a partir de 09h00<\/p>\n","protected":false},"excerpt":{"rendered":"<p>O Beach Park nasceu em 1985, a partir de um restaurante \u00e0 beira da praia. O seu primeiro brinquedo aqu\u00e1tico foi inaugurado em 1988 e, no ano seguinte, foi inaugurado seu parque aqu\u00e1tico, com tr\u00eas tobo\u00e1guas. Nesses mais de 30 anos, o Beach Park cresceu e, hoje, chega a ser imposs\u00edvel citar o turismo do Cear\u00e1 sem se relacionar com o destino. Milhares de turistas conhecem, aprovam e voltam ao Beach Park todos os anos. A estrutura de mais de 200.000 m 2 une Parque, quatro Resorts e um agrad\u00e1vel espa\u00e7o na praia, onde os visitantes podem ter uma inesquec\u00edvel experi\u00eancia!<\/p>\n<style>\n        .botao {\n            display: inline-block;\n            padding: 10px 20px;\n            background-color: #007bff; \/* Cor de fundo do bot\u00e3o *\/\n            color: #fff; \/* Cor do texto do bot\u00e3o *\/\n            text-decoration: none; \/* Remover sublinhado padr\u00e3o de links *\/\n            border: none; \/* Remover borda padr\u00e3o *\/\n            border-radius: 5px; \/* Cantos arredondados *\/\n        }\n    <\/style>\n<p><a href=\"mailto:toptourexperiencefortaleza@gmail.com\" class=\"botao\">Reserve<\/a><br \/>\n<\/body><\/p>\n","protected":false},"featured_media":1352,"comment_status":"open","ping_status":"closed","template":"","meta":{"site-sidebar-layout":"default","site-content-layout":"default","ast-site-content-layout":"default","site-content-style":"default","site-sidebar-style":"default","ast-global-header-display":"","ast-banner-title-visibility":"","ast-main-header-display":"","ast-hfb-above-header-display":"","ast-hfb-below-header-display":"","ast-hfb-mobile-header-display":"","site-post-title":"","ast-breadcrumbs-content":"","ast-featured-img":"","footer-sml-layout":"","ast-disable-related-posts":"","theme-transparent-header-meta":"default","adv-header-id-meta":"","stick-header-meta":"","header-above-stick-meta":"","header-main-stick-meta":"","header-below-stick-meta":"","astra-migrate-meta-layouts":"set","ast-page-background-enabled":"default","ast-page-background-meta":{"desktop":{"background-color":"var(--ast-global-color-4)","background-image":"","background-repeat":"repeat","background-position":"center center","background-size":"auto","background-attachment":"scroll","background-type":"","background-media":"","overlay-type":"","overlay-color":"","overlay-opacity":"","overlay-gradient":""},"tablet":{"background-color":"","background-image":"","background-repeat":"repeat","background-position":"center center","background-size":"auto","background-attachment":"scroll","background-type":"","background-media":"","overlay-type":"","overlay-color":"","overlay-opacity":"","overlay-gradient":""},"mobile":{"background-color":"","background-image":"","background-repeat":"repeat","background-position":"center center","background-size":"auto","background-attachment":"scroll","background-type":"","background-media":"","overlay-type":"","overlay-color":"","overlay-opacity":"","overlay-gradient":""}},"ast-content-background-meta":{"desktop":{"background-color":"var(--ast-global-color-5)","background-image":"","background-repeat":"repeat","background-position":"center center","background-size":"auto","background-attachment":"scroll","background-type":"","background-media":"","overlay-type":"","overlay-color":"","overlay-opacity":"","overlay-gradient":""},"tablet":{"background-color":"var(--ast-global-color-5)","background-image":"","background-repeat":"repeat","background-position":"center center","background-size":"auto","background-attachment":"scroll","background-type":"","background-media":"","overlay-type":"","overlay-color":"","overlay-opacity":"","overlay-gradient":""},"mobile":{"background-color":"var(--ast-global-color-5)","background-image":"","background-repeat":"repeat","background-position":"center center","background-size":"auto","background-attachment":"scroll","background-type":"","background-media":"","overlay-type":"","overlay-color":"","overlay-opacity":"","overlay-gradient":""}}},"product_brand":[],"product_cat":[15],"product_tag":[],"class_list":{"0":"post-1351","1":"product","2":"type-product","3":"status-publish","4":"has-post-thumbnail","6":"product_cat-passeios","7":"desktop-align-left","8":"tablet-align-left","9":"mobile-align-left","11":"first","12":"instock","13":"shipping-taxable","14":"purchasable","15":"product-type-simple"},"_links":{"self":[{"href":"https:\/\/fortalezatoptour.com\/index.php\/wp-json\/wp\/v2\/product\/1351","targetHints":{"allow":["GET"]}}],"collection":[{"href":"https:\/\/fortalezatoptour.com\/index.php\/wp-json\/wp\/v2\/product"}],"about":[{"href":"https:\/\/fortalezatoptour.com\/index.php\/wp-json\/wp\/v2\/types\/product"}],"replies":[{"embeddable":true,"href":"https:\/\/fortalezatoptour.com\/index.php\/wp-json\/wp\/v2\/comments?post=1351"}],"wp:featuredmedia":[{"embeddable":true,"href":"https:\/\/fortalezatoptour.com\/index.php\/wp-json\/wp\/v2\/media\/1352"}],"wp:attachment":[{"href":"https:\/\/fortalezatoptour.com\/index.php\/wp-json\/wp\/v2\/media?parent=1351"}],"wp:term":[{"taxonomy":"product_brand","embeddable":true,"href":"https:\/\/fortalezatoptour.com\/index.php\/wp-json\/wp\/v2\/product_brand?post=1351"},{"taxonomy":"product_cat","embeddable":true,"href":"https:\/\/fortalezatoptour.com\/index.php\/wp-json\/wp\/v2\/product_cat?post=1351"},{"taxonomy":"product_tag","embeddable":true,"href":"https:\/\/fortalezatoptour.com\/index.php\/wp-json\/wp\/v2\/product_tag?post=1351"}],"curies":[{"name":"wp","href":"https:\/\/api.w.org\/{rel}","templated":true}]}}